= -97 - -102. Suppose 0*g + 3*s + 12 = 5*g, g = -s + 4. What is the remainder when w is divided by g?
2
What is the remainder when ((-3)/(-2))/((-12)/(-704)) is divided by 18?
16
Suppose 3*c = a + 4*c - 21, -2*a + 54 = 5*c. Let i(j) = j**2 + 2*j + 9. Calculate the remainder when i(-6) is divided by a.
16
Suppose -38 = 4*m + 26. Suppose -5*v + 0*v = 5. Calculate the remainder when 49 is divided by v - (m + -3 + 1).
15
Let t = -3 + 5. Let a(i) = 2*i - 1. Let j be a(2). Calculate the remainder when (0 - 0/j) + 5 is divided by t.
1
Suppose 90 = 6*o - 3*o. Suppose 0*w = 2*w - o. Suppose -4*k = 5*f - w, 2*f - k = -5*k + 6. Calculate the remainder when 4 is divided by f.
1
Suppose -9 = -s - 4*x - 0, -3*x + 3 = 0. Let o(j) = -j - 3. Let m be o(0). What is the remainder when -39*(1/m - 0) is divided by s?
3
Let k be (-30)/(((-3)/2)/1). Suppose -p + 0 = -k. What is the remainder when p is divided by 11?
9
Let w(h) = 7*h - 19. What is the remainder when 158 is divided by w(6)?
20
Let r(u) = u**2 - 11. Calculate the remainder when 68 is divided by r(5).
12
Suppose 21*j - 22*j + 71 = 0. Calculate the remainder when j is divided by 15.
11
Let r(b) = -3*b - 3. Let p(n) = n + 1. Let q be p(-6). Let z(m) = 6*m**2 + 1. What is the remainder when r(q) is divided by z(-1)?
5
Let n(c) = -13*c - 24. Let x(s) = 7*s + 12. Let k(l) = -6*n(l) - 11*x(l). What is the remainder when 4 is divided by k(-10)?
0
Let a(h) = -h**3 - 3*h**2 + h - 4. Suppose r = 2*z - 3*z + 16, 2*r + 8 = 0. Calculate the remainder when a(-6) is divided by z.
18
Suppose i - 5 = 0, i = -u + 2*i - 9. Let o(x) = x**2 + 2*x - 5. Let j be o(u). Suppose -k - j + 5 = 0. Calculate the remainder when k is divided by 1.
0
Suppose -2*a + 49 + 49 = k, 5*a - 4*k = 232. Suppose -5*j - a = 107. Let q = -13 - j. What is the remainder when q is divided by 10?
8
Let s be (-3 - -6)*4/3. Suppose 10 = s*i + 2. What is the remainder when 2 is divided by i?
0
Suppose 6*n - n - 25 = 0. What is the remainder when 12 is divided by n?
2
Let x(p) be the third derivative of -p**6/120 + p**5/20 + p**4/4 - 5*p**3/6 + 5*p**2. Calculate the remainder when x(4) is divided by 3.
0
Let g(t) = t**3 + 10*t**2 - 3*t + 10. Let k be g(-10). Suppose 6*s - k = 2*s. What is the remainder when 18 is divided by s?
8
Suppose 0*m - 6 = 2*m. What is the remainder when 17 is divided by (-9)/m*(5 - 2)?
8
Let c be -10*-16*(-4)/(-20). Suppose -c = -4*r + 8. Calculate the remainder when 19 is divided by r.
9
Let m(n) = -73*n**2 + n - 1. Let q be m(1). Let k = q - -107. What is the remainder when 5 is divided by k/10 + (-2)/5?
2
Suppose -4*o + 112 + 22 = 2*j, 2*o = -4*j + 76. What is the remainder when o is divided by 11?
10
Let t = -3 + 4. Let u(i) = i**2 + i + 2. Calculate the remainder when u(0) is divided by t.
0
Suppose 2*g + 300 = 6*g. Let o = g + -45. Calculate the remainder when 88 is divided by o.
28
Suppose -8*u = 2 - 26. What is the remainder when 13 is divided by u?
1
Let q = 6 - -3. Calculate the remainder when 20/(-6)*(-48)/10 is divided by q.
7
Let i be 5 - ((-2)/(-2) - -1). Suppose -i*t = -2*t - 2. Let c(m) = 2*m**2 + 21*m + 13. Calculate the remainder when c(-10) is divided by t.
1
Let x(a) = a - 3. Let w be x(7). Let l = 15 - w. Calculate the remainder when 19 is divided by l.
8
Suppose -4*p - 13 = -289. Calculate the remainder when p is divided by 14.
13
Calculate the remainder when 244 is divided by (3 - 33/(-2))*4/6.
10
Let h be (6 - 4)*1/2. Let i(p) = 15*p**3 + p. Let v(x) = 5*x**2 + 2*x - 1. What is the remainder when i(h) is divided by v(1)?
4
Let p(k) = k**3 + 4*k**2 + 4*k - 4. Let b be p(-4). Let f = 41 + b. What is the remainder when f is divided by 6?
3
Suppose -4*p + 10*p - 60 = 0. Calculate the remainder when 34 is divided by p.
4
Let u = 562 - 214. What is the remainder when u is divided by 39?
36
Suppose 4*o - 12 = 4. Calculate the remainder when 6 is divided by o.
2
Suppose 4*x = 5*p + 41, -x - 4*p + 2*p + 20 = 0. Let t = -3 + x. Calculate the remainder when 30 is divided by t.
8
Suppose 0 = 3*h - 5*u - 71, -3*u = -4*h - 4*u + 110. Calculate the remainder when h is divided by 10.
7
Let m(c) = 4*c**2 + c. What is the remainder when (0 - (-7)/4)*(-17 + 21) is divided by m(-1)?
1
What is the remainder when (0 - 3 - -4) + 60 is divided by 32?
29
Let l be 1 + 2/(-1) + 1. Let y = -26 + l. Let x = y - -40. What is the remainder when x is divided by 8?
6
Let z(m) = -m**2 - 12*m - 9. What is the remainder when 67 is divided by z(-9)?
13
Suppose 0*t - 56 = -2*o - 3*t, 3*o - 67 = 4*t. Suppose -4 = 2*n + 16. Let k = 3 - n. What is the remainder when o is divided by k?
12
Suppose 0 = 2*s + 3*s. Let r be 1*4 - (3 + -1). Suppose o - 3*z = 18, s*o + r*z = o - 14. Calculate the remainder when 10 is divided by o.
4
What is the remainder when 14 is divided by (-148)/(-52) - 10/(-65)?
2
Let c be 4 - -2 - (2 + -1). Suppose -2*x + 161 = 5*m + x, 134 = 4*m + c*x. What is the remainder when m is divided by 114/10 + (-2)/5?
9
Let b(l) be the second derivative of -l**4/12 - 13*l**3/6 - 3*l**2 - 2*l. Calculate the remainder when b(-5) is divided by 9.
7
Let q be (-8)/(-1)*(-414)/24. Calculate the remainder when 1/2 + q/(-4) is divided by 18.
17
Let q be -3*(11/(-3) + 2). What is the remainder when (4/5 - 0)*q is divided by 3?
1
Let c = 8 + -3. Suppose -63 - c = -4*p. Calculate the remainder when 50 is divided by p.
16
Let u be ((-12)/(-21))/(4/14). Let s = 2 + u. What is the remainder when 11 is divided by s?
3
Suppose -5*m + 89 = -3*d, 7 + 8 = -5*d. Suppose -45 = 5*y - 10*y. What is the remainder when m is divided by y?
7
Suppose -2 = -2*i, -13 = 3*w - 4*w - 3*i. What is the remainder when w is divided by 4?
2
Let v = -7 + 24. Calculate the remainder when v is divided by 10.
7
Let a = 138 - 67. What is the remainder when a is divided by 8?
7
Let c(v) = 5*v + 5. Suppose 0 = 3*b + 2*y - 7*y - 37, -2*b - 4*y + 32 = 0. Calculate the remainder when c(4) is divided by b.
11
Suppose 0*i - 236 = -2*i + 5*h, 4*i - 3*h = 486. What is the remainder when i is divided by 42?
39
Let k(o) = 6*o**2 + 3*o + 3. What is the remainder when k(2) is divided by 17?
16
Let m(o) = o**3 - 6*o**2 + o - 8. Calculate the remainder when m(7) is divided by 13.
9
Let d be (-12)/(-6 + 3) - 2. Suppose 5*z - 68 = -d*k, 0 = -5*z - 0*k + k + 71. What is the remainder when 27 is divided by z?
13
Suppose 2*i - 1 - 3 = 0. Suppose 3*w = i*k + 4*w - 10, -2*w = 3*k - 16. Calculate the remainder when 9 is divided by k.
1
Let l = -51 + 90. What is the remainder when l is divided by 21?
18
Let b(h) = h**2 + 6*h + 6. Let l be b(-5). Calculate the remainder when 49 is divided by 150/6 - (l - 2).
23
Let z(k) = 5*k**2 + 3*k - 3. Calculate the remainder when z(4) is divided by 45.
44
Suppose 0 = -q + 4*n - 24, 0*q - 2 = -2*q - 2*n. What is the remainder when (12/(-15))/(q/250) is divided by 17?
16
Suppose -r = r - 30. Let s(y) = -y**2 - 5*y + 4. Suppose 10 = x - 3*w, x - 2*x + 20 = -5*w. Calculate the remainder when r is divided by s(x).
3
What is the remainder when -2 + 1464/21 - (-2)/7 is divided by 12?
8
Let x(j) = j**2 + j - 8. Let w be x(0). Let s = w - -15. Calculate the remainder when 19 is divided by s.
5
Let z(i) = -22*i**2 + 3*i + 62*i**2 - 2*i - 1. Let h(n) = -4*n - 42. What is the remainder when z(1) is divided by h(-14)?
12
Suppose 5*g - 26 - 4 = 0. Suppose -125 = -5*c - 0*l + 3*l, c - 27 = l. Calculate the remainder when c is divided by g.
4
Suppose 5*z - 18 = 2. Suppose -r + z*r = 18. Calculate the remainder when 15 is divided by r.
3
Suppose 0*y = -2*y + 6. Let w be -2 + (-4)/16*-4. What is the remainder when 78 is divided by y - (w*18 + 1)?
18
Calculate the remainder when 95 is divided by (-87)/(-3) + -4 + -1.
23
Suppose 0*b + 5*k + 4 = -b, -4*b - 3*k = -1. Suppose 4*i + 20 = -5*q + b, 7 = -i + q. Let z = 7 - i. Calculate the remainder when 38 is divided by z.
12
Let l(r) = -9*r - 2. Let s be l(-3). Suppose -i - i + a = -s, 3 = -3*a. What is the remainder when 69 is divided by i?
9
What is the remainder when ((-3)/1)/(-3) + 10 is divided by 3?
2
Let a be 5/(15/(-9)) + 2. Let x be (a - -9) + -1 + 1. Let g(w) = -w**2 + 10*w - 5. What is the remainder when 20 is divided by g(x)?
9
Suppose 0 = 2*a - 5 - 63. What is the remainder when a is divided by 14/21 + (-104)/(-6)?
16
Sup